 35116454?
2, 17558227
List the prime factors of 53220675.
3, 5, 709609
What are the prime factors of 66886812?
2, 3, 1857967
What are the prime factors of 933346078?
2, 7, 31, 2150567
What are the prime factors of 806425904?
2, 50401619
List the prime factors of 49482461.
7, 17, 415819
List the prime factors of 331651407.
3, 67, 521, 3167
List the prime factors of 5528975177.
11, 502634107
What are the prime factors of 86672762?
2, 11, 3939671
What are the prime factors of 1047036383?
23, 45523321
What are the prime factors of 458857114?
2, 137, 193, 8677
List the prime factors of 3628478259.
3, 7, 57594893
List the prime factors of 1186040239.
1186040239
What are the prime factors of 124762768?
2, 13, 127, 4723
What are the prime factors of 68192115?
3, 5, 4546141
List the prime factors of 1289341634.
2, 7, 19, 4847149
What are the prime factors of 136841510?
2, 5, 13, 1019, 1033
What are the prime factors of 5181037635?
3, 5, 199, 311, 5581
List the prime factors of 310804647.
3, 5323, 19463
List the prime factors of 113567637.
3, 37855879
What are the prime factors of 7306085177?
31, 101, 2333467
List the prime factors of 126785060.
2, 5, 6339253
What are the prime factors of 53861875?
5, 86179
List the prime factors of 3551451033.
3, 13, 91062847
What are the prime factors of 1442418328?
2, 13, 13869407
List the prime factors of 2150310138.
2, 3, 409, 641, 1367
What are the prime factors of 281804478?
2, 3, 17, 162517
What are the prime factors of 4426052358?
2, 3, 7, 13, 2017, 4019
List the prime factors of 118391498.
2, 59195749
What are the prime factors of 800089477?
11, 23, 103, 30703
List the prime factors of 64749349.
7, 9249907
List the prime factors of 5891682497.
109, 54052133
What are the prime factors of 18740079?
3, 231359
What are the prime factors of 3017489468?
2, 7, 107767481
What are the prime factors of 35811095?
5, 17, 79, 5333
What are the prime factors of 1844016358?
2, 16493, 55903
List the prime factors of 39889117.
39889117
List the prime factors of 4476937492.
2, 233, 4803581
List the prime factors of 799952597.
61, 67, 195731
List the prime factors of 86625398.
2, 43312699
List the prime factors of 104867020.
2, 5, 743, 7057
List the prime factors of 5031541049.
137, 36726577
List the prime factors of 851915426.
2, 19, 29, 773063
List the prime factors of 2041610953.
44683, 45691
What are the prime factors of 477434236?
2, 37, 3225907
List the prime factors of 914301720.
2, 3, 5, 191, 13297
List the prime factors of 63267102.
2, 3, 181, 6473
What are the prime factors of 45796678?
2, 433, 52883
List the prime factors of 262386674.
2, 11, 73, 199, 821
List the prime factors of 49040712.
2, 3, 7, 97303
List the prime factors of 101149042.
2, 29, 401, 4349
What are the prime factors of 2844547486?
2, 11, 61, 1319, 1607
What are the prime factors of 1704026381?
19, 89685599
List the prime factors of 47501128.
2, 17, 103, 3391
What are the prime factors of 1407838279?
41, 34337519
List the prime factors of 56341816.
2, 7042727
What are the prime factors of 2248239966?
2, 3, 7, 53, 1009991
What are the prime factors of 69011351?
69011351
List the prime factors of 713142861.
3, 237714287
What are the prime factors of 312315558?
2, 3, 29, 1283, 1399
What are the prime factors of 17474883?
3, 89, 65449
What are the prime factors of 61552122?
2, 3, 619, 16573
List the prime factors of 12014493.
3, 257, 15583
List the prime factors of 713770182.
2, 3, 37, 241, 4447
What are the prime factors of 113850929?
79, 1441151
What are the prime factors of 888736343?
11, 19, 4252327
What are the prime factors of 401135765?
5, 80227153
List the prime factors of 223789535.
5, 109, 410623
What are the prime factors of 76480547?
11, 13, 113, 4733
List the prime factors of 44267642.
2, 22133821
List the prime factors of 1544133541.
3691, 418351
List the prime factors of 139827160.
2, 5, 11, 317789
What are the prime factors of 164689973?
7, 1789, 13151
What are the prime factors of 5816840558?
2, 31, 563, 166643
List the prime factors of 426143258.
2, 41, 761, 6829
What are the prime factors of 396135994?
2, 1483, 133559
List the prime factors of 1010724208.
2, 13, 613, 7927
What are the prime factors of 35785078?
2, 7, 607, 4211
What are the prime factors of 2087765484?
2, 3, 7, 24854351
List the prime factors of 989626215.
3, 5, 2633, 25057
List the prime factors of 145597824.
2, 3, 31, 151
What are the prime factors of 1256890605?
3, 5, 83792707
List the prime factors of 809825465.
5, 161965093
List the prime factors of 5230530751.
5939, 880709
What are the prime factors of 477419258?
2, 238709629
List the prime factors of 9275557.
17, 545621
List the prime factors of 17052311.
89, 191599
List the prime factors of 178414913.
97, 1839329
List the prime factors of 1006811565.
3, 5, 67120771
What are the prime factors of 2077149049?
4861, 427309
List the prime factors of 18265335.
3, 5, 11, 23, 4813
List the prime factors of 11467647.
3, 1274183
List the prime factors of 186946801.
186946801
List the prime factors of 111775046.
2, 79, 707437
List the prime factors of 89415691.
19, 61, 179, 431
List the prime factors of 288793445.
5, 19, 3039931
What are the prime factors of 1807673289?
3, 509, 673, 1759
What are the prime factors of 30535236?
2, 3, 848201
What are the prime factors of 756396155?
5, 463, 326737
List the prime factors of 72305022.
2, 3, 1069, 11273
List the prime factors of 126548575.
5, 5061943
List the prime factors of 43338088.
2, 19, 285119
What are the prime factors of 224209091?
149, 229, 6571
What are the prime factors of 25574049?
3, 35081
What are the prime factors of 51942871?
17, 859, 3557
List the prime factors of 1134907567.
73, 1511, 10289
List the prime factors of 40488466.
2, 29, 698077
List the prime factors of 102902478.
2, 3, 7, 439, 5581
What are the prime factors of 15262492?
2, 7, 545089
List the prime factors of 273520785.
3, 5, 109, 173, 967
List the prime factors of 21630023.
491, 44053
What are the prime factors of 306089127?
3, 34009903
What are the prime factors of 920188009?
13, 29, 2440817
List the prime factors of 210152563.
37, 709, 8011
List the prime factors of 62742456.
2, 3, 7, 124489
What are the prime factors of 3498284?
2, 41, 83, 257
List the prime factors of 6523639444.
2, 7, 232987123
List the prime factors of 88086744.
2, 3, 193, 2113
List the prime factors of 5170258212.
2, 3, 7, 17, 401, 9029
What are the prime factors of 192514995?
3, 5, 283, 5039
List the prime factors of 3230326064.
2, 7, 28842197
List the prime factors of 4176868259.
2791, 1496549
List the prime factors of 55851994.
2, 11, 461, 5507
List the prime factors of 37228691.
17, 128819
List the prime factors of 1861374215.
5, 372274843
List the prime factors of 25066334.
2, 41, 43, 7109
List the prime factors of 27010222.
2, 37, 365003
What are the prime factors of 5207447?
7, 743921
List the prime factors of 21408496.
2, 29, 37, 43
What are the prime factors of 3344976470?
2, 5, 11, 30408877
What are the prime factors of 2694577481?
409, 6588209
What are the prime factors of 956601288?
2, 3, 17, 257, 3041
What are the prime factors of 916982861?
139, 6596999
List the prime factors of 1228546491.
3, 2803, 146099
What are the prime factors of 1506874929?
3, 7, 43, 1668743
List the prime factors of 1318490285.
5, 7, 768799
What are the prime factors of 2966555878?
2, 11, 13, 613, 16921
What are the prime factors of 31396758?
2, 3, 5232793
What are the prime factors of 34090025?
5, 23, 101, 587
List the prime factors of 1549046523.
3, 516348841
What are the prime factors of 187050132?
2, 3, 5195837
List the prime factors of 62181246.
2, 3, 131, 79111
List the prime factors of 160072862.
2, 113, 708287
List the prime factors of 10640547.
3, 1182283
What are the prime factors of 748341508?
2, 187085377
What are the prime factors of 248996729?
19, 13105091
List the prime factors of 1233377718.
2, 3, 31, 6631063
List the prime factors of 9435081.
3, 3145027
List the prime factors of 836347872.
2, 3, 101, 86257
What are the prime factors of 129703636?
2, 173, 187433
List the prime factors of 93152812.
2, 2027, 11489
What are the prime factors of 1326755021?
17, 3613, 21601
What are the prime factors of 3535466049?
3, 